or of 6 and l.
2
Let o = -48299 - -48422. Let x be (2/(-4))/(2/(-164)). What is the greatest common factor of o and x?
41
Suppose 8*n - 3*b + 6186 = 21561, -2*n = 3*b - 3825. What is the highest common divisor of 288 and n?
96
Suppose -514 = -256*i + 254. Let y be 0 + -2 - (-3 - -3). Let k be 25/(i - 2/(-1 - y)). What is the greatest common divisor of 10 and k?
5
Let b be (6/(-4))/(3/542). Let y = -227 - b. What is the greatest common factor of 110 and y?
22
Suppose 3*g + 5*n = 40, 34 = 2*g + 3*n + 7. Let d be 7 + -1 - (-2 + 4). Let z(k) = k**2 - 3*k + 1. Let m be z(d). What is the highest common factor of g and m?
5
Let h be (3/9)/(1/711*-3). Let v be (1 - -20)*(h/(-7) + -1). Suppose 4 = 4*z, 2*g - z = 3*z + v. Calculate the highest common factor of g and 10.
10
Let w be -3 - 0 - (2 - 229). Let t = -136 + w. Calculate the greatest common factor of 66 and t.
22
Suppose 0 = -130*m + 8098 + 1476 + 3946. Calculate the greatest common divisor of m and 338.
26
Let h be (6/(-4))/(9/(-48)) - 0. Suppose -2*b = 2 - 0, -3*o = -2*b - 218. Calculate the greatest common factor of o and h.
8
Suppose d + 4*d - 1098 = 4*s, s - 447 = -2*d. Let n = -96 + d. Calculate the highest common factor of 294 and n.
42
Let d(o) = 4*o**3 - 12*o**2 + 7*o + 13. Let i be d(4). What is the greatest common factor of 1830 and i?
15
Suppose 0 = 241*j - 282*j + 528367. Calculate the greatest common divisor of j and 14.
7
Let w(c) = 4*c**2 + 5*c + 5. Let f be w(-1). Suppose 19*u - 5 = 18*u, -u + 837 = f*d. What is the highest common divisor of d and 156?
52
Let p(f) = 76*f**3 + 3*f**2 - 3. Let y be p(1). Let a be ((-95)/(-15))/((40/36)/10). Calculate the highest common factor of y and a.
19
Let r = -35 + 35. Suppose -4*m + k = -r*m + 80, m + 9 = 3*k. Let s = 77 + m. What is the highest common factor of s and 7?
7
Suppose -4*s = -4, 35*s - 33*s = -q + 86. Suppose 45 + 29 = 4*n - 3*y, 5*y - 10 = 0. Let w be (1890/n)/(3/4). Calculate the greatest common factor of w and q.
42
Suppose 29*w + 24 = 33*w. Let j be 3/(-3) + (-3 + w)*15. Suppose 6*m + 15 = 39. What is the greatest common factor of m and j?
4
Let w = -63 + 47. Let z(y) = -y**3 - 16*y**2 - 4*y - 54. Let i be z(w). What is the highest common factor of i and 70?
10
Suppose 8*z + 1582 = -1642. Let r = z - -558. What is the greatest common factor of 62 and r?
31
Let z = -9097 - -9113. Calculate the greatest common divisor of z and 1936.
16
Suppose 26*q - 56*q = -0*q - 141240. What is the greatest common factor of 88 and q?
44
Suppose 2*n = -5 - 3, -3*f + 2*n + 20483 = 0. Let k be f/(-35)*((-11)/5 + 1). Calculate the greatest common factor of 26 and k.
26
Let t = 20605 - 11323. Calculate the greatest common factor of 91 and t.
91
Let f(p) = 3*p**2 + 5*p - 2. Let a be f(6). Suppose 0 = -g + 2*q + 17, -3*q = -516*g + 520*g - 68. Calculate the greatest common factor of a and g.
17
Let m = 15404 - 15382. Let w = 164 - 109. What is the greatest common divisor of w and m?
11
Let n be (275 - -33)*2/(-4). Let f = n + 388. Let j(v) = v**3 - 4*v**2 - 7*v - 4. Let y be j(6). Calculate the highest common factor of y and f.
26
Suppose 34*g = 6*g + 140. Suppose 5*k - g*a = 110, -4*k = k - 2*a - 110. Calculate the greatest common divisor of 121 and k.
11
Let p(i) = 19 + 5*i**3 - 40 - 4*i**3 + 20*i**2 - 16*i - 2*i**3. Let k be p(19). What is the highest common divisor of k and 9?
9
Let t = 358 + -356. Suppose 0 = 2*s - t*l - 188, -6*l + 20 = -l. Calculate the greatest common divisor of 14 and s.
14
Let u(n) = -43315 + 14443 + 14451 - 13*n + 14442. Suppose -x = 3*x + 12. Let r be u(x). What is the greatest common divisor of r and 90?
30
Suppose 0 = -2*u + 5*u - 6. Suppose 0 = -5*i - 4 - 11, 5*i + 45 = u*a. Suppose -413 = -62*h + 333 + 184. Calculate the highest common divisor of h and a.
15
Let s(g) = 7*g + 56. Let y be s(24). Let a be (-6)/(-5)*5/(-2)*-1. Suppose -a*k + 3 = -39. Calculate the highest common factor of y and k.
14
Let v(w) = -112*w - 1194. Let j be v(-15). What is the greatest common factor of 2 and j?
2
Suppose 0 = 3*h - 3*u - 444, 5*u = h - 77 - 51. Let n be (-1141)/(-489)*27/7. Calculate the greatest common divisor of n and h.
9
Suppose -159*b = -3727 - 8675. Calculate the greatest common divisor of 1469 and b.
13
Suppose -4*m - 20 = 0, 284 + 39 = 4*w + m. Let l = -44 - -249. What is the greatest common divisor of l and w?
41
Suppose 62*w = 61*w + 170. Let c = 1115 - w. Calculate the highest common factor of c and 35.
35
Suppose -29 = -4*n + 3*n - 3*p, 3*n - 87 = p. Calculate the highest common divisor of n and 2233.
29
Let z(i) = 0*i**2 - 3*i**2 + 5 + 12*i + 5*i**2. Let c be z(-6). Let k be (12 - 4) + 4/(12/(-9)). Calculate the highest common factor of c and k.
5
Let r = 4355 - 4320. What is the greatest common divisor of 1253 and r?
7
Suppose 1367*l + 70056 = 1506*l. What is the greatest common divisor of l and 266?
14
Suppose -2*u + 4*n = -58, 12*u + 4*n = 17*u - 103. Calculate the highest common factor of 9375 and u.
15
Suppose -7*s + 2*n - 5634 = -9*s, -3*s = -2*n - 8431. Calculate the highest common divisor of s and 194.
97
Let w(i) = 18 - 4*i**3 + 3*i**3 + 7*i + 11*i - 10*i + i + 23*i**2. Let l be w(23). Calculate the greatest common factor of l and 36.
9
Let t be (20/(-3))/((-4)/6). Let b be -19 - (8/6)/((-1)/3). Let l be 62/155 + (-1194)/b. What is the highest common divisor of l and t?
10
Let s be (306 - -68)*2/(1*-2 + 3). Calculate the highest common divisor of s and 68.
68
Let i = -265 - -450. Let z = -380058 - -380169. What is the greatest common divisor of z and i?
37
Let z(n) = 939*n + 3. Let o(h) = -188*h - 1. Let t(c) = 11*o(c) + 2*z(c). Let l be t(-2). Calculate the highest common divisor of 25 and l.
25
Let g be 4/26 - 1122485/(-1183). What is the highest common factor of 511 and g?
73
Let l be -36 + 1 + -1 + 0. Let g be (l/90)/(6/(-75)). Calculate the greatest common divisor of g and 2.
1
Let i(b) = -9*b**2 + 461*b - 30. Let w be i(49). What is the greatest common factor of w and 50?
50
Let w(u) = -u**3 + 19*u**2 - 2*u + 44. Let s be w(19). Suppose 5*p + 336 = j, -1365 = 2*j - s*j - p. Calculate the greatest common factor of j and 31.
31
Suppose 6*s + 3*h = s + 95, -15 = -3*h. Let y = 41 - 39. Suppose m + y*m + 2*g = 122, 0 = 5*m + 2*g - 202. What is the highest common factor of m and s?
8
Let b(r) = -r**2 - 12*r + 6. Let z be b(-8). Suppose 12*u - z = 10*u. What is the highest common divisor of u and 209?
19
Let l = 74 + -20. Let g = -275 - -401. What is the highest common factor of g and l?
18
Suppose 6*t + 41 + 73 = 0. Let j = -5 + t. Let d = 3 - j. What is the greatest common factor of d and 54?
27
Suppose 0 = 4*h - 3*k - 67281, 2*h - 11*k - 33644 = -9*k. Calculate the highest common divisor of 570 and h.
285
Let w = 16429 + -14299. What is the highest common factor of 90 and w?
30
Suppose 22*a = 371 + 25. Suppose 12*i - 2 - 22 = 0. Calculate the highest common divisor of a and i.
2
Suppose -10 + 2 = -4*q. Suppose q*n = 10, -9 = -x + 3*n + 15. What is the greatest common divisor of x and 195?
39
Suppose -3*p = -3*p + 5*p. Suppose x - 2*j - 47 = p, 47 = x - j + 2*j. Calculate the highest common divisor of x and 235.
47
Let z = -2503 - -2535. Let y be (-36)/(-15) + 12/20. Suppose -2*p - r + 596 = y*r, 1455 = 5*p + 3*r. What is the greatest common factor of z and p?
32
Let m = -344 - -414. Let q(b) = b**3 + 11*b**2 + 7*b - 13. Let p be q(-10). Suppose 129 = 4*j + p. Calculate the greatest common factor of j and m.
14
Suppose -1288 = -116*n + 800. Suppose -k = -18 + 4. Suppose g - 41 = -k. Calculate the greatest common divisor of g and n.
9
Let p be (-9 - (-305)/35) + 66/(-14). Let o(m) = m**3 + 4*m**2 - 4*m + 7. Let b be o(p). Calculate the highest common factor of 10 and b.
2
Let d = -13456 - -13692. What is the highest common divisor of d and 244?
4
Let r be 806/8 - ((-1254)/(-2376) - (-2)/9). What is the highest common divisor of 17300 and r?
100
Suppose 250 - 175 = 3*p. Suppose p*x - 325 = 425. What is the greatest common factor of x and 690?
30
Suppose -17*n + 20*n - 18 = 0. Suppose -9*r = -3*r - 1314. Let z be r/15 - (-4)/10. What is the greatest common factor of n and z?
3
Suppose 3043 + 2014 = 8*x + 1505. Calculate the greatest common divisor of 6808 and x.
148
Suppose -5*o - 5*u + 1165 = 0, 2*u